hen 668 is divided by c(q).
38
Let u(v) be the second derivative of -v**3/3 - 57*v**2/2 + 60*v. Suppose -3*f + 172 = f. What is the remainder when f is divided by u(-31)?
3
Suppose 0*j = 2*y + j, 4*y - j = 12. Let m(v) = -2*v + 20. Calculate the remainder when m(y) is divided by 9.
7
Let z = 11607 + -9281. Calculate the remainder when z is divided by 4.
2
Suppose -62*h - 12 = -58*h. Let j be 24/(-32) - ((-978)/(-8))/h. Suppose -128 = -4*l + j. Calculate the remainder when l is divided by 24.
18
Let z = -2236 - -3361. What is the remainder when z is divided by 557?
11
Suppose -o + 0*o - 4 = 0, -4*o - 6 = 5*n. Suppose 6*f + 4*a = 5*f - 96, -n*f - 4*a - 180 = 0. Let c = f - -87. Calculate the remainder when 33 is divided by c.
0
Suppose 0 = -35*p + 22*p + 7072. Let s = p - 432. What is the remainder when s is divided by 34?
10
Calculate the remainder when (422/12)/((-15)/(-90)) is divided by 13.
3
Let g = -15064 - -15256. What is the remainder when g is divided by 38?
2
Let c(d) = -7*d**3 - 3*d**2 - 3*d - 1. Let q be c(-1). Suppose 0 = -3*v + q*v - 1308. Suppose -10*b = 6 - v. Calculate the remainder when b is divided by 9.
7
Let b(f) = -f - 8. Let p be b(-4). Let k be 4/p - 0 - -248. Suppose v + k = 4*g + 4*v, -g + 78 = 4*v. Calculate the remainder when g is divided by 10.
8
Let w = 11912 + -10868. Calculate the remainder when w is divided by 21.
15
Suppose -4*f = 4*b - 676, -4*f - 45*b + 670 = -44*b. Let l = -100 + f. What is the remainder when 199 is divided by l?
65
Let h be (-3 + 24/8)*1/(-3). Suppose 3*w + 16 + 8 = h. What is the remainder when (3 - (-37)/(-5))/(w/40) is divided by 17?
5
What is the remainder when (-40 - -37)*(-506)/6 is divided by 95?
63
Let h = 183 + -201. Calculate the remainder when 22 is divided by (h/(-4))/(1/(-4) + 1).
4
Suppose 202*d - 98*d = 175*d - 76680. Calculate the remainder when d is divided by 62.
26
Suppose 2*h = 2*s + 336, 55*h - 60*h = 2*s - 868. Calculate the remainder when 202 is divided by h.
30
Let v = -55 - -63. Suppose v*s - 126 = 74. Calculate the remainder when 124 is divided by s.
24
Suppose 52867 = 25*q - 58208. Calculate the remainder when q is divided by 26.
23
Let z = -37 - -27. Let u be ((-6)/z)/(6/30). Suppose -u*t - 7*t = -1170. What is the remainder when t is divided by 24?
21
Let x(w) = 157*w - 212. Calculate the remainder when x(4) is divided by 36.
20
Suppose 2*b + 80 = 2*f, 4*f + 70 = 5*f - 11*b. Calculate the remainder when 143 is divided by f.
32
Let k(s) = -s**3 - 4*s**2 + 12*s - 8. Let u be k(-6). What is the remainder when (174/u)/((-6)/168) is divided by 51?
48
Let i(v) = 4*v**2 - 22*v - 1. Let z = 31 - 24. Let c(g) = 13*g - 11. Calculate the remainder when i(z) is divided by c(2).
11
Suppose 0 = 2*v - 6 - 2. Let r be (-2 - -2) + -2 + v/1. Suppose -r*p + 150 = 3*p. What is the remainder when 57 is divided by p?
27
Let k = 23215 + -22794. Calculate the remainder when k is divided by 101.
17
Suppose -16*h = -13*h + 813. Let j = h + 401. What is the remainder when j is divided by 7?
4
Suppose 5*v + 409*u = 406*u + 3183, 4*v - 5*u = 2539. Calculate the remainder when v is divided by 41.
21
Let l = 1569 + -1424. Suppose 4*f - p - 139 = 0, -4*f + l = 6*p - p. What is the remainder when 2/3 - (-812)/6 is divided by f?
31
Suppose 0*c + x + 273 = -4*c, -5*c - 354 = -3*x. Let i = c + 95. Suppose 28*q - 30 = i*q. What is the remainder when 87 is divided by q?
12
Let h = -249 + 268. Suppose 0 = 4*c - 103 + h. Calculate the remainder when 143 is divided by c.
17
Let d = 22 - -13. Let s(q) = -4*q**3 + 323*q**2 + 68*q + 1190. What is the remainder when s(81) is divided by d?
32
Let t(f) = -f**2 + 17*f + 7. Calculate the remainder when 256 is divided by t(17).
4
Let b = 2 - 1. Suppose -30*p - 127 + 1009 = 33*p. What is the remainder when (46 + 2)/(2 - b) is divided by p?
6
Let z(g) = 2*g**2 + 7*g - 8. Let c(i) = 2*i**3 - 48*i**2 + 108*i - 427. What is the remainder when z(-6) is divided by c(22)?
9
Suppose 4*s - 3*l = 4668, -43*l - 12 = -40*l. Calculate the remainder when s is divided by 283.
32
Let s(x) = 1149*x**2 + 97*x - 298. Calculate the remainder when s(3) is divided by 68.
66
Suppose 2*z - 2*f = -28, z + z = 3*f - 24. Calculate the remainder when (-2)/(-1)*-3*51/z is divided by 3.
2
Suppose -2*h = 3*m + 1, 1 - 2 = -4*h - 5*m. Suppose 417 = h*j - 111. What is the remainder when j is divided by 47?
38
Let c(g) = g**2 + 2*g - 84. Let l be c(8). What is the remainder when (-45)/18 - (-2 + 442/l) is divided by 37?
36
Let j(c) = 13*c**2 + 826*c + 1650. Calculate the remainder when 3998 is divided by j(-2).
48
Let u(i) = 20*i + 4. Let q(y) be the first derivative of y**3/3 + y**2 - 7*y - 63. Calculate the remainder when u(3) is divided by q(-6).
13
Let u(d) = d**3 + 2*d - 132. Let k be u(0). Let v = -89 - k. Let x = 72 - v. Calculate the remainder when 85 is divided by x.
27
Suppose 348*a + 16*a - 94127 = -109*a. Calculate the remainder when a is divided by 35.
24
Let w(s) = 5*s + 8. Suppose -10392 = -54*o + 66*o. Let h = -717 - o. Calculate the remainder when h is divided by w(6).
35
Let f be (-1 + 1)/(2*1). Suppose f = 9*v + 16 - 70. What is the remainder when 231/28 - (-2)/(-8) is divided by v?
2
Suppose 9 = -5*g + 29. Suppose 2*w - 42 = -g*r - 0*w, 0 = 4*r + w - 47. Calculate the remainder when 75 is divided by r.
10
Suppose 9*y - 3*y - 30 = 0. Suppose 5*i - y*g - 90 - 30 = 0, i + 4*g + 1 = 0. Calculate the remainder when 107 is divided by i.
12
Suppose -6*y - 56532 = -84*y - 6*y. What is the remainder when y is divided by 82?
17
Let r = -4539 - -4974. What is the remainder when r is divided by 19?
17
Calculate the remainder when (-8)/(-12) + -18*(-10)/135 + 581 is divided by 7.
2
Let b(r) = 2*r**2 - 14*r + 12. Let f be (-1 - (-2 + 3)) + (-5 - -14). Let h be b(f). Suppose 552 = -8*a + h*a. What is the remainder when a is divided by 47?
44
What is the remainder when 1158 + (-30)/18*78/(-325)*-15 is divided by 371?
39
Let l = 14276 - 13954. Calculate the remainder when l is divided by 19.
18
Suppose 0 = -34*n + 149*n - 5180 - 1260. Calculate the remainder when 276 is divided by n.
52
Let p(r) = -94*r**2 - 8*r - 4. Let o be p(-4). Let m = o + 2335. What is the remainder when m is divided by 10?
9
Let t(l) = 55*l - 28. Suppose 0 = -4*p + b + 4*b + 325, -2*b + 65 = p. What is the remainder when t(10) is divided by p?
72
Let a = 3 - -5. Let t = 1635 - 1633. Suppose 21*w = 23*w - 4*k - 166, -176 = -2*w + t*k. What is the remainder when w is divided by a?
5
Let f = -681 - -1400. Suppose 0 = -7*q + 4*q + 90. What is the remainder when f is divided by q?
29
Calculate the remainder when 544 is divided by ((-4)/(-1 - -9))/(1*1/(-186)).
79
Let l = 170 + -165. Suppose 0 = 2*r + t - 65, l*t + 83 = 5*r - 3*r. What is the remainder when r is divided by 15?
4
Suppose 13*b = -10*b + 3*b + 3340. What is the remainder when b is divided by 8?
7
Suppose -5*q - 800 = -5*a, 0*q + 605 = 4*a + 3*q. Let z(n) = 15*n + 2007. What is the remainder when a is divided by z(-132)?
20
Let m = -643 - -835. Calculate the remainder when m is divided by 94.
4
Let k = 5047 - 4386. What is the remainder when k is divided by 17?
15
Let a(m) be the second derivative of -2*m**3 + 19*m**2 - 32*m. Calculate the remainder when a(-2) is divided by 9.
8
Let o be 6/4*(-36)/(-27). Let i be 0 - (220/o)/(-2 - -1). Suppose -i = -3*a + a. Calculate the remainder when a is divided by 29.
26
Let d be 2 + 28 + -8 + 15. Suppose 4176 = d*n - 19*n. Calculate the remainder when n is divided by 27.
16
Let a(s) = -5*s**2 + 39*s - 57. Let d(r) = r**2 - 20*r + 29. Let v(z) = -4*a(z) - 7*d(z). Calculate the remainder when v(2) is divided by 13.
6
Let n be (12 - 21) + 2*6/4. Calculate the remainder when (1 + n)/(-10)*146 is divided by 19.
16
Suppose 0 = -2*r - y + 119, 2*y = -32*r + 29*r + 180. Let o = 30 - -10. Suppose 18*z + o = 22*z. What is the remainder when r is divided by z?
8
Let r(w) = w**2 + 15*w + 17. What is the remainder when (-4)/66*22*-114 is divided by r(-14)?
2
Suppose 142*h - 1768 - 1498 = 0. What is the remainder when 363 is divided by h?
18
Suppose 585*a - 2828 = 95*a - 378. Calculate the remainder when 392 is divided by a.
2
Let p(u) = -u**3 - 23*u**2 - 2*u - 44. Let d be p(-23). Suppose 2*b - d*c = 2*c + 8, -b - c = -7. What is th